3*v**2 + 24*v - 52. Let s be k(-10). Determine j(s).
54
Let x(n) be the third derivative of -n**6/120 + n**5/15 + n**4/4 - n**3/2 + 2*n**2 + 507. Suppose 0 = 3*v - 2*d - 9, 3*d - d = -3*v + 21. Determine x(v).
2
Let w be -3 - (-3)/((-3)/7). Let f(y) = -4*y - 34. Determine f(w).
6
Let u(f) be the first derivative of f**2 + 12*f - 361. Give u(-10).
-8
Let d(i) be the third derivative of i**6/120 + i**5/12 + i**4/8 - 5*i**3/6 - 15*i**2. Suppose 0 = -2*s - 2*s - 16. Calculate d(s).
-1
Let g(p) be the first derivative of -p**4/4 - 5*p**3/3 + 7*p**2/2 + p - 15. Suppose -13 = 2*h - x, -h + x - 31 = 4*h. Calculate g(h).
-5
Let i(v) be the first derivative of 3*v + 3*v + 17 - 5*v - v**2 + 6*v. Calculate i(-5).
17
Let n(u) = u**3 + 8*u**2 + u - 2*u**3 - 4 + 0*u. Let s be n(8). Let i(w) = s + 0 + 2*w + 2*w - 3*w. Give i(0).
4
Let i(h) = -h**3 + 10*h**2 - 2*h + 14. Let b be i(10). Let g(o) be the second derivative of -o**4/12 - 2*o**3/3 - 5*o**2/2 - 29*o - 3. Calculate g(b).
-17
Let q(n) = n**2 + 5*n + 1. Let p be (0 - 3*-2)*3/6. Suppose d - 5*d - p*b = 24, b = -2*d - 12. What is q(d)?
7
Let o(u) = 1 - 7*u - 5*u**2 + 6*u**2 + 9 - 7. Calculate o(6).
-3
Let o(l) = -1 + 3*l - 43*l**2 + 24*l**2 + 2 + 20*l**2. What is o(-5)?
11
Let a(n) = -n**3 + 8*n**2 - 8*n - 23. Let l be a(6). Let b(d) = 18*d**3 + d**2. What is b(l)?
19
Suppose -2*w - 24 = -5*p + 95, -3*p + 72 = -w. Let y(z) = -p - 2*z**2 + 26 + 0*z + 3*z**2 - 5*z. Determine y(4).
-3
Let i be (-1)/4 + 105/(-28). Let v(q) = -2*q + 1. Let r(o) = -4*o + 3. Let b(y) = i*r(y) + 9*v(y). Determine b(-5).
7
Let m(k) be the third derivative of -k**5/60 + k**4/3 - 7*k**3/6 - 99*k**2. What is m(6)?
5
Suppose -5 + 9 = f. Let i(q) = 6*q**3 - 4 - q**3 + 3*q**2 - 2*q - f*q**3. Give i(-4).
-12
Let o(u) = -6 + 5*u - 14*u + 11 + u**2. What is o(5)?
-15
Let r(u) = -u - 3. Let k be r(-2). Let s(v) = -8*v**2 + 4*v - 4. Let z = -107 - -104. Let o(p) = 7*p**2 - 3*p + 3. Let a(j) = z*s(j) - 4*o(j). Calculate a(k).
-4
Let l be ((-2)/(-2))/(1 - 0). Let q(x) be the third derivative of 0*x + 0 - 1/24*x**4 + 0*x**3 - 1/40*x**6 + 14*x**2 + 1/60*x**5. Determine q(l).
-3
Let v(g) = -80*g - 30. Let o(h) = 44*h + 16. Let p(q) = -11*o(q) - 6*v(q). What is p(7)?
-24
Let k(q) = 4*q**2 - 9*q + 10. Let a(i) = 5*i**2 - 10*i + 12. Let t(u) = -3*a(u) + 4*k(u). Give t(4).
-4
Suppose -4*q = -3*b - 0*q + 14, -4*b - 4*q = 0. Suppose f + b*f + 63 = 0. Let v = f - -15. Let x(a) = a**3 + 7*a**2 + 8*a. Determine x(v).
-12
Let m(q) = -q**2 + 4*q + 7. Suppose 6 = 4*n - 2*n. Suppose -3*a - 12 = -6*r + n*r, -r = -3*a - 10. Let p be (-14)/a - 6/(-18). Give m(p).
2
Let f(i) = i + 17. Let s = 43 + -40. Suppose o = -5*w + s*o + 9, 3*w - 21 = -4*o. Suppose -k - 4*k = 5*m - 5, 0 = k - 3*m + w. Give f(k).
17
Let n(t) be the third derivative of t**5/60 + t**4/24 + t**3/6 + 10*t**2. Let c = 0 - 5. Let u = -6 - c. Calculate n(u).
1
Suppose k = 3*n - 19, 2*n - 2*k - 8 = n. Let m(l) be the first derivative of -l**3/3 + 4*l**2 - 8*l + 10. Give m(n).
4
Let n(c) be the first derivative of -5/3*c**3 - 2*c - 2*c**2 - 4 + 1/4*c**4. Let f = -1 + 7. Give n(f).
10
Let w(o) = o**3 - 5*o**2 + 2*o - 4. Let c(u) be the first derivative of -u**4/4 + 11*u**3/3 + 6*u**2 + 5*u + 25. Let f be c(12). What is w(f)?
6
Let s(p) = -p**2 - 6*p + 7. Let m(n) = 1. Let a(k) = 4*m(k) + s(k). Calculate a(-8).
-5
Let p(k) = k**3 - 5*k**2 - 2*k + 5. Suppose 123*y - 240 = 75*y. Give p(y).
-5
Let j(c) = -c**2 + 7*c - 7. Let t(l) = -l - 2. Let i be t(4). Let b be (27/(-12))/(i/16). Determine j(b).
-1
Let s(g) = -g**2 - 6*g - 2. Suppose 4*u - q - 80 = 0, -5*u = -4*q - 0*q - 100. Suppose -c = 3*c - u, 13 = -4*z - 3*c. Calculate s(z).
-9
Let p(z) = -4*z - 5. Let y be p(-7). Suppose 2*i + 20 = j + 45, 4*j + y = i. Suppose -i - 4 = -4*d - 3*f, d + 3*f = 15. Let b(q) = -q**2 - 6. Determine b(d).
-6
Let g(p) = p**2. Let x(d) = d**3 - 7*d**2 - 9*d - 14. Let j(o) = -2*g(o) + x(o). What is j(10)?
-4
Suppose 7*w - 2*w + 10 = 5*g, 5*g = -w + 10. Suppose 0*s + 15 = -g*m - 3*s, 4*m + 2*s + 18 = 0. Let p(c) = 2*c**2 + 3*c. What is p(m)?
9
Let d(c) = -c + 4. Let h(u) = -1. Let y(w) = -d(w) - 4*h(w). Suppose -2*a + a + 2 = 0. Suppose -7*k + a*k - 3*f + 12 = 0, -2*k - 3*f = -12. What is y(k)?
0
Let w(f) = 3*f - 3. Let z(c) = 16*c - 15. Let s(m) = -11*w(m) + 2*z(m). Let i be 2 - (3 - (-10)/(-5)) - -5. What is s(i)?
-3
Let r(m) = m + 8. Let s = 46 - 27. Let z = -19 + s. What is r(z)?
8
Let b(c) = 2*c**3 + 5*c**2 + 3*c + 3. Let w(z) = z - 3. Let l be w(0). Give b(l).
-15
Let n = 0 - -2. Let f(v) = -6*v. Let u(c) = 8*c + 1. Let x(k) = 3*f(k) + 2*u(k). Give x(n).
-2
Suppose 0*y + 12 = 3*y. Let v(n) = 33*n**2 - 32*n**2 - n - 3*n. Let t be v(y). Let k(q) = -q**3 - q + 5. Give k(t).
5
Let q(c) be the first derivative of -c**3/3 + 11*c**2/2 - c + 396. Determine q(11).
-1
Let c(s) = -5*s - 16. Suppose 10 = -g + 6. What is c(g)?
4
Let w(n) be the second derivative of n**5/30 - n**3/3 - n**2/2 - 6*n. Let f(r) be the first derivative of w(r). Determine f(-2).
6
Let a = 1581 - 1582. Let m(w) = -12*w**3 + 2*w**2 + w. What is m(a)?
13
Let x(d) = 220*d**2 + 3 - d + 0*d + 219*d**2 - 5 - 438*d**2. Let y be ((3 - 1) + -2)/1. Give x(y).
-2
Let c(x) = -6*x. Let i(y) = 49*y + 8. Let l(n) = 8*c(n) + i(n). Calculate l(15).
23
Suppose 0 = 3*t + 5 - 26. Let s(u) = 22*u**3 - 2*u**2 - t + 0 + 8 + u**2. Determine s(1).
22
Let c = 115 + -115. Let g(u) = -u**2 - u + 8. Give g(c).
8
Let s(n) be the first derivative of n**5/60 + n**4/8 + n**3/3 + 3*n**2 - 3*n - 47. Let g(p) be the second derivative of s(p). What is g(-2)?
0
Let n = -451 - -447. Let t(x) = x**2 + 8*x + 7. Calculate t(n).
-9
Let u(w) = w**2 - 2*w - 2. Let j(v) = 31*v - 213. Let l be j(7). Calculate u(l).
6
Let m(b) = -2425 + 4*b - 10*b**2 + 0*b**2 + 1212 + 0*b + 1210. What is m(1)?
-9
Let v(x) be the first derivative of -x**4/4 + 4*x**3/3 + 3*x**2 + 149. Suppose -a + 4*y + 0*y = 8, -5*y - 12 = -4*a. Suppose -17 - a = -5*k. What is v(k)?
5
Let c(w) = w**3 - 7*w**2 + 4. Let k(n) = -n**2 + 3*n - 2. Let j be k(15). Let t be 3/(-9) - j/6. Let m = 37 - t. What is c(m)?
4
Let a = -77 - -97. Let y = -15 + a. Let v(r) = r**3 - 4*r**2 - 6*r + 6. Determine v(y).
1
Let t(s) = -s**2 - 13*s + 12. Let p be t(-12). Suppose 2*w - 4*i + 5 = -7, 0 = -4*w + 4*i - p. Let d(f) = -f**2 - 6*f + 7. Give d(w).
7
Let h(n) be the second derivative of n**3/3 - 5*n**2/2 + 423*n. Determine h(-4).
-13
Suppose -21 = 5868*a - 5865*a. Let o(x) = 3*x + 16. Determine o(a).
-5
Let c(t) = 5*t**3 - t**2 + t + 6. Let f = 31 + -20. Let k(u) = -9*u**3 + u**2 - u - 12. Let l(a) = f*c(a) + 6*k(a). Calculate l(5).
19
Let k(i) = 9*i - 2. Let c be (1 - 1)/(6/(-2)). Suppose -s + 3*s - 4 = c. Calculate k(s).
16
Suppose -116*p + 42*p = -518. Let b(w) = -w - 7. Give b(p).
-14
Let g be (-116)/(-3) + 3/9. Let k(w) = -g + 3*w + 4*w**2 - w**3 + 18 + 17 - w**2. Calculate k(3).
5
Suppose 0 = -8*l + 7*l + 21. Let w = l - 16. Let r(b) = -2 + w + 0 - 2 + b. Give r(-5).
-4
Let q be (21 + -21)*2/(-4). Let c(v) = -v**2 - v + 12. Give c(q).
12
Let y = -426 - -434. Let g(n) = -n**3 + 8*n**2 + 4*n + 1. Give g(y).
33
Let q(s) = 4*s + 1. Let j = 94 - 96. Determine q(j).
-7
Let c(y) be the second derivative of -7*y**3/3 - 12*y**2 - 50*y. What is c(-2)?
4
Let w(g) = 3 + 2 + 78*g + 1 + 1 - 75*g. What is w(-3)?
-2
Let c = -66 - -61. Let t(z) = -2*z**3 - 8*z**2 + 3*z + 3. Let v(x) = 3*x**3 + 16*x**2 - 7*x - 7. Let p(n) = c*t(n) - 3*v(n). Calculate p(7).
-1
Let a(s) = -5*s**2 - 5*s - 7. Let p(q) = -11*q**2 - 8*q - 14. Let d(g) = -9*a(g) + 4*p(g). Determine d(-12).
-5
Let m(a) be the second derivative of 3*a**5/10 - a**2/2 + 30*a - 2. Calculate m(-1).
-7
Let c(p) be the first derivative of p**3/3 - 6*p + 6. Suppose -2*v + 19*v = 85. Give c(v).
19
Let k(z) = -z**2 - 7*z - 10. Let w be -10 - (4 - (-4 + 14)). Give k(w).
2
Let w(k) be the second derivative of 2*k**3/3 - k**2/2 + 277*k. What is w(-2)?
-9
Let p(z) = z**3 - 6*z**2 - 2*z - 1. Suppose 2*x - 11 = h, -41*h - 18 = -4*x - 43*h. What is p(x)?
-36
Let m(t) = -t. Let a(c) = 4*c - 5. Let b(s) = 3*s - 6. Let j(f) = 5*a(f) - 6*b(f). Let n be j(-6). What is m(n)?
1
Let z = -3 + 52. Let w = -49 + z. Let b(m) = -3 - m**2 + 6*m - 6*m. Give b(w).
-3
Suppose -34*a = 4 - 4. Let u(g) be the third derivative of -g**3 + 4*